ase 3.
2010201
What is 30402 (base 6) in base 16?
fc2
What is 12055 (base 6) in base 7?
5066
What is 333 (base 4) in base 10?
63
-6073 (base 9) to base 11
-3377
What is -523411 (base 6) in base 13?
-16318
83 (base 14) to base 15
7a
Convert 633 (base 8) to base 15.
1c6
What is 291 (base 12) in base 3?
112201
What is 643 (base 11) in base 5?
11043
Convert 13403 (base 5) to base 15.
4d8
What is 506c (base 16) in base 5?
1124323
What is -20150 (base 6) in base 15?
-bc3
832 (base 16) to base 14
a9c
What is -b70 (base 14) in base 9?
-3074
Convert -16b (base 15) to base 4.
-11012
What is 15163 (base 11) in base 12?
10526
-765 (base 14) to base 11
-1109
What is -41040 (base 5) in base 11?
-1a95
-778 (base 12) to base 15
-4d5
What is -15015 (base 6) in base 16?
-953
Convert 111412 (base 5) to base 8.
7616
Convert -72 (base 10) to base 12.
-60
-58d2 (base 14) to base 11
-10696
-14c (base 14) to base 7
-525
Convert 110010110 (base 2) to base 4.
12112
What is -166 (base 9) in base 10?
-141
What is 202000 (base 6) in base 14?
5b7a
What is -1444 (base 8) in base 16?
-324
Convert -101100101 (base 2) to base 15.
-18c
Convert -348 (base 10) to base 12.
-250
Convert -515 (base 12) to base 4.
-23201
What is -6633 (base 8) in base 5?
-102413
10595 (base 14) to base 11
27774
Convert 304554 (base 6) to base 7.
131104
Convert -15441 (base 7) to base 10.
-4341
Convert 1e5 (base 15) to base 12.
308
Convert 541 (base 7) to base 11.
22a
Convert 26d (base 16) to base 2.
1001101101
What is a6b (base 12) in base 15?
6b8
What is 1000212 (base 3) in base 10?
752
What is -43043 (base 5) in base 2?
-101101010010
32131 (base 4) to base 8
1635
Convert -2037 (base 10) to base 5.
-31122
What is -210 (base 6) in base 14?
-58
6805 (base 11) to base 6
105251
Convert 1022210 (base 3) to base 7.
2550
What is -4420 (base 8) in base 7?
-6523
-10778 (base 10) to base 2
-10101000011010
Convert ad2 (base 14) to base 15.
97e
What is -4060 (base 12) in base 5?
-210414
What is 160 (base 12) in base 7?
426
Convert -5302 (base 7) to base 11.
-1445
b9c (base 15) to base 4
220332
Convert -3273 (base 8) to base 4.
-122323
Convert 310415 (base 6) to base 2.
110000011001011
What is -58b2 (base 13) in base 14?
-4798
Convert -109 (base 13) to base 5.
-1203
Convert -333301 (base 4) to base 3.
-12121011
-47 (base 16) to base 15
-4b
Convert 60b (base 14) to base 5.
14222
Convert -6207 (base 15) to base 16.
-50e3
What is 11020112 (base 3) in base 12?
1958
Convert 1221100 (base 3) to base 11.
1075
What is -42563 (base 7) in base 15?
-3205
What is -48461 (base 9) in base 8?
-77307
13203 (base 4) to base 12
343
What is -111110001 (base 2) in base 13?
-2c3
What is -41043 (base 5) in base 15?
-bb8
What is -10399 (base 13) in base 14?
-a8d4
Convert 21851 (base 12) to base 11.
30406
Convert -1403 (base 9) to base 15.
-4a6
-15400 (base 10) to base 11
-10630
Convert 30120122 (base 4) to base 13.
1a111
Convert -7026 (base 9) to base 4.
-1100013
6654 (base 8) to base 14
13c0
What is 111010001010 (base 2) in base 7?
13565
-4580 (base 9) to base 10
-3393
What is -112222001 (base 3) in base 13?
-4c72
What is 2321 (base 8) in base 2?
10011010001
What is -122202222 (base 3) in base 13?
-5b8b
Convert -174 (base 14) to base 8.
-452
Convert 9852 (base 11) to base 12.
7638
164166 (base 8) to base 4
32201312
Convert -11531 (base 7) to base 13.
-14a8
Convert -748 (base 9) to base 13.
-380
What is -bb1 (base 12) in base 3?
-2100121
What is -11 (base 8) in base 4?
-21
What is -58875 (base 9) in base 4?
-21212321
-2012000 (base 3) to base 14
-81b
-1786 (base 11) to base 2
-100011100000
-1a7 (base 11) to base 3
-22211
Convert -c95 (base 13) to base 7.
-6161
100011101101100 (base 2) to base 12
a6b8
331020 (base 4) to base 16
f48
Convert 3540 (base 7) to base 4.
110112
Convert 6c5 (base 14) to base 15.
5ee
Convert -5446 (base 9) to base 6.
-30323
-30230 (base 4) to base 15
-392
-14388 (base 9) to base 3
-111102222
Convert -9723 (base 13) to base 3.
-1001210020
What is -631 (base 9) in base 6?
-2214
What is -13b7 (base 15) in base 9?
-5711
What is 750 (base 12) in base 10?
1068
Convert -467 (base 12) to base 14.
-34b
-74ca (base 13) to base 12
-9479
What is 516 (base 10) in base 7?
1335
What is 5ed (base 15) in base 11?
1016
What is -361 (base 13) in base 2?
-1001001010
Convert 3b3 (base 12) to base 2.
1000110111
-30a (base 11) to base 8
-565
What is 914 (base 11) in base 10?
1104
What is -3011 (base 8) in base 4?
-120021
-100122 (base 3) to base 13
-170
What is 40045 (base 9) in base 2?
110011010101101
Convert 111110010101000 (base 2) to base 6.
403424
Convert 4e3 (base 16) to base 11.
a38
Convert e9ec (base 16) to base 9.
101127
What is 34851 (base 9) in base 11?
16556
Convert -1011011101 (base 2) to base 14.
-3a5
Convert -2008 (base 14) to base 4.
-1111320
What is 20022 (base 3) in base 15?
b5
What is -6574 (base 9) in base 5?
-123341
-2034 (base 6) to base 4
-13012
-1203 (base 4) to base 16
-63
What is 40e (base 16) in base 5?
13123
What is 2a65 (base 12) in base 5?
124343
What is 12100 (base 4) in base 2?
110010000
Convert -2419 (base 14) to base 3.
-22122011
Convert 12 (base 3) to base 4.
11
e5 (base 16) to base 13
148
What is -295 (base 16) in base 3?
-220111
Convert -101101110001 (base 2) to base 4.
-231301
131110 (base 4) to base 14
980
9016 (base 10) to base 6
105424
What is -4775 (base 9) in base 12?
-207b
What is -22203221 (base 4) in base 13?
-168b3
What is -4742 (base 8) in base 16?
-9e2
Convert -206 (base 10) to base 5.
-1311
Convert -151 (base 7) to base 16.
-55
What is -3634 (base 14) in base 13?
-43c3
-1201 (base 8) to base 13
-3a4
What is -3512 (base 6) in base 8?
-1504
Convert -110332 (base 4) to base 15.
-5e7
What is 16a0 (base 13) in base 4?
310031
Convert 10162 (base 7) to base 2.
100110111110
Convert -142b (base 12) to base 4.
-210203
32300 (base 5) to base 4
202120
-1110211 (base 5) to base 12
-b2b3
Convert 507 (base 11) to base 15.
2ac
-eb7 (base 16) to base 14
-1531
What is -1025 (base 9) in base 13?
-45b
-18019 (base 12) to base 16
-8715
What is 388 (base 14) in base 5?
10313
599a (base 16) to base 3
1011110120
Convert 211 (base 13) to base 11.
2a0
What is -b140 (base 16) in base 5?
-2423001
-23210310 (base 4) to base 8
-134464
Convert -3770 (base 9) to base 3.
-10212100
Convert 13000 (base 8) to base 16.
1600
Convert -5dd (base 16) to base 15.
-6a1
Convert 13310 (base 8) to base 15.
1adc
Convert -452 (base 12) to base 6.
-2542
Convert -4c6 (base 16) to base 15.
-567
Convert -65042 (base 7) to base 3.
-211011012
-252 (base 8) to base 3
-20022
Convert 32702 (base 8) to base 14.
5030
-4333 (base 7) to base 10
-1543
Convert 9555 (base 10) to base 6.
112123
121120 (base 7) to base 12
108a7
Convert 696 (base 16) to base 12.
b86
-11121 (base 5) to base 3
-1002010
What is 53032 (base 9) in base 16?
88cd
Convert b52 (base 13) to base 4.
132012
What is -253 (base 10) in base 9?
-311
305140 (base 6) to base 10
24468
What is 1214 (base 8) in base 4?
22030
-41817 (base 9) to base 12
-13bb1
What is 1fe (base 16) in base 8?
776
What is -4a (base 15) in base 3?
-2121
Convert -11 (base 2) to base 9.
-3
What is -3605 (base 8) in base 15?
-885
Convert 1001 (base 12) to base 7.
5020
What is 39c (base 14) in base 15?
336
Convert 2111201 (base 3) to base 2.
11100100100
-5003 (base 11) to base 10
-6658
65ba (base 12) to base 3
120101221
What is -360545 (base 7) in base 14?
-19a25
Convert -202220 (base 4) to base 16.
-8a8
224001 (base 6) to base 7
106264
Convert -1100001101 (base 2) to base 8.
-1415
-12200101 (base 3) to base 4
-1000231
-2546 (base 9) to base 12
-1129
-1424 (base 9) to base 16
-433
-6826 (base 11) to base 15
-29dc
-133000 (base 4) to base 5
-30414
What is -111110011010 (base 2) in base 10?
-3994
What is 21010 (base 3) in base 8?
300
Convert -788d (base 14) to base 7.
-114636
Convert -5402 (base 8) to base 12.
-176a
-1210110001 (base 3) to base 5
-2112232
3058 (base 9) to base 13
1034
Convert 4824 (base 10) to base 3.
20121200
What is -775 (base 10) in base 6?
-3331
What is -32d (base 15) in base 4?
-23032
2323331 (base 5) to base 8
122545
-13333 (base 9) to base 14
-3405
What is -291 (base 12) in base 11?
-331
5d5 (base 14) to base 13
6ba
22311 (base 4) to base 13
414
-6f24 (base 16) to base 5
-1402302
Conve